{"id":34,"date":"2015-06-08T22:18:42","date_gmt":"2015-06-08T22:18:42","guid":{"rendered":"http:\/\/a-team-max-east.com\/wordpress\/?page_id=34"},"modified":"2015-07-17T17:25:36","modified_gmt":"2015-07-17T17:25:36","slug":"charity","status":"publish","type":"page","link":"https:\/\/a-team-max-east.com\/wordpress\/?page_id=34","title":{"rendered":"Charity"},"content":{"rendered":"<div id=\"content\">\n<p>Jedes Team muss mindestens 1\u2019000 GBP (ca. 1&#8217;500 CHF)\u00a0<a href=\"https:\/\/www.justgiving.com\/a-team-max-east\">f\u00fcr Charity sammeln<\/a>. Der gesamte Erl\u00f6s kommt einer Organisation namens <a href=\"http:\/\/www.coolearth.com\">Cool Earth<\/a>\u00a0zugute.<\/p>\n<p>Cool Earth arbeitet mit indogenen Menschen im Regenwald zusammen und hat zum Ziel, Regenwald von der Abholzung zu retten und sch\u00fctzen. Dabei werden die Einwohner zur\u00fcck in die Kontrolle versetzt und mit Ressourcen unterst\u00fctzt, die ihnen helfen, den Regenwald intakt zu halten.<\/p>\n<p><a href=\"http:\/\/a-team-max-east.com\/wordpress\/wp-content\/uploads\/2015\/06\/coolearth.png\"><img loading=\"lazy\" decoding=\"async\" class=\"alignnone size-full wp-image-60\" src=\"http:\/\/a-team-max-east.com\/wordpress\/wp-content\/uploads\/2015\/06\/coolearth.png\" alt=\"coolearth\" width=\"189\" height=\"59\" \/><\/a><\/p>\n<p>Du kannst dich in folgenden Stufen an der Sammlung beteiligen. Bitte einfach unter <a href=\"https:\/\/www.justgiving.com\/a-team-max-east\">justgiving.com<\/a>\u00a0einbezahlen. Kannst das Geld aber auch einem der beiden A-Team-Members \u00fcbergeben, wir sammeln und bezahlen ein.<\/p>\n<p>Aber wenn du uns pers\u00f6nlich kennst, musst du dir keine Sorgen machen \u2013 wir werden dich dann schon noch anpumpen.<\/p>\n<table border=\"0\" width=\"629\" cellspacing=\"0\" cellpadding=\"0\">\n<tbody>\n<tr>\n<td valign=\"bottom\" nowrap=\"nowrap\" width=\"92\"><strong>Stufe<\/strong><\/td>\n<td valign=\"bottom\" nowrap=\"nowrap\" width=\"92\"><strong>Betrag<\/strong><\/td>\n<td valign=\"bottom\" nowrap=\"nowrap\" width=\"445\"><strong>Erkl\u00e4rung und Gegenleistung<\/strong><\/td>\n<\/tr>\n<tr>\n<td valign=\"bottom\" nowrap=\"nowrap\" width=\"92\">A-Team<\/td>\n<td valign=\"bottom\" nowrap=\"nowrap\" width=\"92\">GBP\u00a022.00<\/td>\n<td valign=\"bottom\" nowrap=\"nowrap\" width=\"445\">Der Murdoch-Level (leicht psychotisch) &#8211; du erh\u00e4ltst daf\u00fcr Gew\u00fcrze f\u00fcr ein feines mongolisches Lammgericht<\/td>\n<\/tr>\n<tr>\n<td valign=\"bottom\" nowrap=\"nowrap\" width=\"92\">AA-Team<\/td>\n<td valign=\"bottom\" nowrap=\"nowrap\" width=\"92\">GBP 44.00<\/td>\n<td valign=\"bottom\" nowrap=\"nowrap\" width=\"445\">Der GMC Vandura-Level (stark und mitten durch) &#8211; du erh\u00e4ltst daf\u00fcr ein pers\u00f6nliches Bild einer Kaschmirziege zugesandt<\/td>\n<\/tr>\n<tr>\n<td valign=\"bottom\" nowrap=\"nowrap\" width=\"92\">AAA-Team<\/td>\n<td valign=\"bottom\" nowrap=\"nowrap\" width=\"92\">GBP\u00a066.00<\/td>\n<td valign=\"bottom\" nowrap=\"nowrap\" width=\"445\">Der Barracus-Level (mit Gold behangen) du erh\u00e4ltst daf\u00fcr eine Postkarte aus Magadan und wirst namentlich auf dem Fahrzeug erw\u00e4hnt<\/td>\n<\/tr>\n<\/tbody>\n<\/table>\n<\/div>\n<p><a href=\"http:\/\/a-team-max-east.com\/wordpress\/wp-content\/uploads\/2015\/06\/About-Cool-Earth-31.jpg\"><img loading=\"lazy\" decoding=\"async\" class=\"alignnone wp-image-111 \" src=\"http:\/\/a-team-max-east.com\/wordpress\/wp-content\/uploads\/2015\/06\/About-Cool-Earth-31.jpg\" alt=\"About Cool Earth-3\" width=\"635\" height=\"899\" srcset=\"https:\/\/a-team-max-east.com\/wordpress\/wp-content\/uploads\/2015\/06\/About-Cool-Earth-31.jpg 600w, https:\/\/a-team-max-east.com\/wordpress\/wp-content\/uploads\/2015\/06\/About-Cool-Earth-31-212x300.jpg 212w\" sizes=\"(max-width: 635px) 100vw, 635px\" \/><\/a><\/p>\n","protected":false},"excerpt":{"rendered":"<p>Jedes Team muss mindestens 1\u2019000 GBP (ca. 1&#8217;500 CHF)\u00a0f\u00fcr Charity sammeln. Der gesamte Erl\u00f6s kommt einer Organisation namens Cool Earth\u00a0zugute. Cool Earth arbeitet mit indogenen Menschen im Regenwald zusammen und hat zum Ziel, Regenwald von der Abholzung zu retten und sch\u00fctzen. Dabei werden die Einwohner zur\u00fcck in die Kontrolle versetzt und mit Ressourcen unterst\u00fctzt, die<a href=\"https:\/\/a-team-max-east.com\/wordpress\/?page_id=34\">[&#8230;]<\/a><\/p>\n","protected":false},"author":4,"featured_media":0,"parent":0,"menu_order":4,"comment_status":"open","ping_status":"open","template":"","meta":{"footnotes":""},"_links":{"self":[{"href":"https:\/\/a-team-max-east.com\/wordpress\/index.php?rest_route=\/wp\/v2\/pages\/34"}],"collection":[{"href":"https:\/\/a-team-max-east.com\/wordpress\/index.php?rest_route=\/wp\/v2\/pages"}],"about":[{"href":"https:\/\/a-team-max-east.com\/wordpress\/index.php?rest_route=\/wp\/v2\/types\/page"}],"author":[{"embeddable":true,"href":"https:\/\/a-team-max-east.com\/wordpress\/index.php?rest_route=\/wp\/v2\/users\/4"}],"replies":[{"embeddable":true,"href":"https:\/\/a-team-max-east.com\/wordpress\/index.php?rest_route=%2Fwp%2Fv2%2Fcomments&post=34"}],"version-history":[{"count":9,"href":"https:\/\/a-team-max-east.com\/wordpress\/index.php?rest_route=\/wp\/v2\/pages\/34\/revisions"}],"predecessor-version":[{"id":118,"href":"https:\/\/a-team-max-east.com\/wordpress\/index.php?rest_route=\/wp\/v2\/pages\/34\/revisions\/118"}],"wp:attachment":[{"href":"https:\/\/a-team-max-east.com\/wordpress\/index.php?rest_route=%2Fwp%2Fv2%2Fmedia&parent=34"}],"curies":[{"name":"wp","href":"https:\/\/api.w.org\/{rel}","templated":true}]}}