{"id":32,"date":"2015-06-08T22:18:29","date_gmt":"2015-06-08T22:18:29","guid":{"rendered":"http:\/\/a-team-max-east.com\/wordpress\/?page_id=32"},"modified":"2015-06-16T15:18:10","modified_gmt":"2015-06-16T15:18:10","slug":"route","status":"publish","type":"page","link":"https:\/\/a-team-max-east.com\/wordpress\/?page_id=32","title":{"rendered":"Route"},"content":{"rendered":"<p><a href=\"http:\/\/a-team-max-east.com\/wordpress\/wp-content\/uploads\/2015\/06\/weltkarte.2.png\"><img loading=\"lazy\" decoding=\"async\" class=\"alignnone wp-image-86 size-full\" src=\"http:\/\/a-team-max-east.com\/wordpress\/wp-content\/uploads\/2015\/06\/weltkarte.2.png\" alt=\"weltkarte.\" width=\"1218\" height=\"480\" srcset=\"https:\/\/a-team-max-east.com\/wordpress\/wp-content\/uploads\/2015\/06\/weltkarte.2.png 1218w, https:\/\/a-team-max-east.com\/wordpress\/wp-content\/uploads\/2015\/06\/weltkarte.2-300x118.png 300w, https:\/\/a-team-max-east.com\/wordpress\/wp-content\/uploads\/2015\/06\/weltkarte.2-1024x404.png 1024w, https:\/\/a-team-max-east.com\/wordpress\/wp-content\/uploads\/2015\/06\/weltkarte.2-130x50.png 130w\" sizes=\"(max-width: 1218px) 100vw, 1218px\" \/><\/a><\/p>\n<p>Eigentlich recht einfach &#8211; maximal nach Osten, wie unser Name sagt: Max East. Nun werden irgendwelche Smart asses beim betrachten der Karte sagen, das sei aber nicht ganz nach Osten. Ja, antworten wir, aber weiter im Osten habe\u00a0es keine Strassen mehr und wenn man wolle, k\u00f6nne man es gerne probieren weil unser GMC f\u00fcr Arme k\u00f6nne am 16.8.2015 in Magadan \u00fcbernommen werden. Hoffentlich.<\/p>\n<p>Ach ja, und weil es ja auch nicht mehr darauf ankommt machen wir zuerst noch einen Schlenker nach Westen zur Startparty am 18. und zur Zeremonie am 19.7.2015 in London auf dem historischen Goodwood Motor Cicuit &#8211; letztes Jahr fand die Zeremonie in Begleitung von Jackie Stewart und Sir Jack Brabham &#8211; Motork\u00f6pfe kennen die beiden. Wer will, kann mitfahren.<\/p>\n<p>Am Montag 20.7.2015 ist dann die legend\u00e4re Czech out Party in Tschechien in einer stillgelegten Bahnstation in Prag &#8211; als Check-out von Europa.<\/p>\n<p>Danach gibt es noch ein paar Checkpoints in Sibiu und Vame Veche, die wir leider verpassen werden, weil wir geradewegs Richtung Osten fahren. Ebenfalls leider verpassen werden wir wohl die Finishing Line Party am 14. August, weil wir dann schon in Magadan sind. Hoffentlich.<\/p>\n<p>&nbsp;<\/p>\n","protected":false},"excerpt":{"rendered":"<p>Eigentlich recht einfach &#8211; maximal nach Osten, wie unser Name sagt: Max East. Nun werden irgendwelche Smart asses beim betrachten der Karte sagen, das sei aber nicht ganz nach Osten. Ja, antworten wir, aber weiter im Osten habe\u00a0es keine Strassen mehr und wenn man wolle, k\u00f6nne man es gerne probieren weil unser GMC f\u00fcr Arme<a href=\"https:\/\/a-team-max-east.com\/wordpress\/?page_id=32\">[&#8230;]<\/a><\/p>\n","protected":false},"author":4,"featured_media":0,"parent":0,"menu_order":3,"comment_status":"open","ping_status":"open","template":"","meta":{"footnotes":""},"_links":{"self":[{"href":"https:\/\/a-team-max-east.com\/wordpress\/index.php?rest_route=\/wp\/v2\/pages\/32"}],"collection":[{"href":"https:\/\/a-team-max-east.com\/wordpress\/index.php?rest_route=\/wp\/v2\/pages"}],"about":[{"href":"https:\/\/a-team-max-east.com\/wordpress\/index.php?rest_route=\/wp\/v2\/types\/page"}],"author":[{"embeddable":true,"href":"https:\/\/a-team-max-east.com\/wordpress\/index.php?rest_route=\/wp\/v2\/users\/4"}],"replies":[{"embeddable":true,"href":"https:\/\/a-team-max-east.com\/wordpress\/index.php?rest_route=%2Fwp%2Fv2%2Fcomments&post=32"}],"version-history":[{"count":9,"href":"https:\/\/a-team-max-east.com\/wordpress\/index.php?rest_route=\/wp\/v2\/pages\/32\/revisions"}],"predecessor-version":[{"id":102,"href":"https:\/\/a-team-max-east.com\/wordpress\/index.php?rest_route=\/wp\/v2\/pages\/32\/revisions\/102"}],"wp:attachment":[{"href":"https:\/\/a-team-max-east.com\/wordpress\/index.php?rest_route=%2Fwp%2Fv2%2Fmedia&parent=32"}],"curies":[{"name":"wp","href":"https:\/\/api.w.org\/{rel}","templated":true}]}}